{"id":50,"date":"2025-11-03T14:26:54","date_gmt":"2025-11-03T13:26:54","guid":{"rendered":"https:\/\/www.dengodaviljan.se\/?page_id=50"},"modified":"2025-11-03T14:26:54","modified_gmt":"2025-11-03T13:26:54","slug":"varderingar","status":"publish","type":"page","link":"https:\/\/www.dengodaviljan.se\/index.php\/varderingar\/","title":{"rendered":"V\u00e4rderingar"},"content":{"rendered":"\n<p><strong>Respekt<\/strong><br>Vi str\u00e4var efter att skapa en trygg och inkluderande milj\u00f6 d\u00e4r varje individ k\u00e4nner sig sedd, h\u00f6rd och v\u00e4rderad. Vi visar respekt genom att lyssna aktivt p\u00e5 varje individs behov och \u00f6nskem\u00e5l, behandla dem med omtanke och f\u00f6rst\u00e5else, samt v\u00e4rna om deras integritet och sj\u00e4lvbest\u00e4mmande. Genom att fr\u00e4mja en kultur av respekt bygger vi f\u00f6rtroende, st\u00e4rker sj\u00e4lvst\u00e4ndigheten och bidrar till att varje person k\u00e4nner sig v\u00e4rdefull och delaktig i sin vardag. Respekt anser vi \u00e4r nyckeln till att skapa ett h\u00e5llbart och m\u00e4nsklig boendemilj\u00f6 d\u00e4r alla kan m\u00e5 bra och utvecklas<\/p>\n\n\n\n<p><strong>Engagemang<\/strong><br>Vi str\u00e4var f\u00f6r att uppr\u00e4tth\u00e5lla en nyfikenhet och en vilja att ta sig an situationer med en aktiv och positiv inst\u00e4llning. Medarbetare som \u00e4r engagerade k\u00e4nner starkare band till verksamheten, \u00e4r mer produktiva, trivs b\u00e4ttre och bidrar med sin fulla potential.<\/p>\n\n\n\n<p><strong>Ansvar<\/strong><br>V\u00e4rderingar \u00e4r grundl\u00e4ggande \u00f6vertygelser som styr beteende, val och attityder, och n\u00e4r de kopplas till ansvar inneb\u00e4r det att man agerar utifr\u00e5n dessa \u00f6vertygelser. Vilket kan vara kopplat till personlig etik, socialt ansvar eller organisationskulturer som lyfter fram ansvarstagande som en central del av sin v\u00e4rdegrund f\u00f6r att skapa tydlighet, engagemang och en positiv milj\u00f6.<\/p>\n\n\n\n<p><strong>Samarbete<\/strong><br>Vi har en stark \u00f6vertygelse att samarbete handlar om att vi agerar med \u00f6ppenhet, respekt, solidaritet och ansvar f\u00f6r andra, vilket leder till en tryggare och mer inkluderande milj\u00f6. Det inneb\u00e4r att aktivt lyssna p\u00e5 och bekr\u00e4fta varandras perspektiv, dela med sig av kunskap, och gemensamt driva utvecklingsprocesser fram\u00e5t. Detta f\u00f6r att uppn\u00e5 full potential f\u00f6r b\u00e5de barn\/ungdom, personal och verksamheten i de stora.<\/p>\n\n\n\n<p><em>&#8221;Om du vill g\u00e5 fort &#8211; g\u00e5 ensam, vill du g\u00e5 l\u00e5ngt &#8211; g\u00e5 med laget.&#8221;<\/em><\/p>\n","protected":false},"excerpt":{"rendered":"<p>RespektVi str\u00e4var efter att skapa en trygg och inkluderande milj\u00f6 d\u00e4r varje individ k\u00e4nner sig sedd, h\u00f6rd och v\u00e4rderad. Vi visar respekt genom att lyssna aktivt p\u00e5 varje individs behov och \u00f6nskem\u00e5l, behandla dem med omtanke och f\u00f6rst\u00e5else, samt v\u00e4rna om deras integritet och sj\u00e4lvbest\u00e4mmande. Genom att fr\u00e4mja en kultur av respekt bygger vi f\u00f6rtroende, [&hellip;]<\/p>\n","protected":false},"author":1,"featured_media":0,"parent":0,"menu_order":0,"comment_status":"closed","ping_status":"closed","template":"","meta":{"footnotes":""},"class_list":["post-50","page","type-page","status-publish","hentry"],"_links":{"self":[{"href":"https:\/\/www.dengodaviljan.se\/index.php\/wp-json\/wp\/v2\/pages\/50","targetHints":{"allow":["GET"]}}],"collection":[{"href":"https:\/\/www.dengodaviljan.se\/index.php\/wp-json\/wp\/v2\/pages"}],"about":[{"href":"https:\/\/www.dengodaviljan.se\/index.php\/wp-json\/wp\/v2\/types\/page"}],"author":[{"embeddable":true,"href":"https:\/\/www.dengodaviljan.se\/index.php\/wp-json\/wp\/v2\/users\/1"}],"replies":[{"embeddable":true,"href":"https:\/\/www.dengodaviljan.se\/index.php\/wp-json\/wp\/v2\/comments?post=50"}],"version-history":[{"count":1,"href":"https:\/\/www.dengodaviljan.se\/index.php\/wp-json\/wp\/v2\/pages\/50\/revisions"}],"predecessor-version":[{"id":51,"href":"https:\/\/www.dengodaviljan.se\/index.php\/wp-json\/wp\/v2\/pages\/50\/revisions\/51"}],"wp:attachment":[{"href":"https:\/\/www.dengodaviljan.se\/index.php\/wp-json\/wp\/v2\/media?parent=50"}],"curies":[{"name":"wp","href":"https:\/\/api.w.org\/{rel}","templated":true}]}}